be the second derivative of -y**3/3 + y**2 - y. What is s(z)?
6
Let y(v) = 2*v - 5. Let l = -55 + 51. What is y(l)?
-13
Let g(t) = t**3 + 1 - 11*t + 17*t - 6*t**2 - 5. Give g(5).
1
Let k(t) be the second derivative of 0*t**3 + 0*t**4 - t + 1/20*t**5 + 5/2*t**2 + 0. Determine k(0).
5
Let r(i) = i + 7. Suppose 9*k = 14*k + 35. Calculate r(k).
0
Suppose -x = 3*x + 20. Let f(u) = -u**3 - 6*u**2 - 4*u + 7. What is f(x)?
2
Let o = -7 - -10. Suppose 0 = 3*t - 0*f - o*f + 18, 0 = -3*f + 6. Let a(h) = 83 + 74 - 157 + h. Calculate a(t).
-4
Let d(m) be the second derivative of m**4/12 + 2*m**3/3 - m**2 + 3*m. Let a(y) = y + 3. Let z be a(-7). Determine d(z).
-2
Suppose -2*o = -o. Let f be (-7 + (4 - 1))/(-1). Let s(y) = 5*y**3 + 4*y**2 - 4*y - 8. Let b(c) = c**3 + c**2 - c - 1. Let t(i) = f*b(i) - s(i). Calculate t(o).
4
Let s(k) be the first derivative of k**2/2 + 5*k - 59. Determine s(-9).
-4
Let o(v) = 4*v**2 + 1. Suppose 3*g + g + 8 = 0. Let n be (-2)/(-8) + (-52)/16. Let h = g - n. What is o(h)?
5
Let r(n) = -2*n - 2. Suppose 2*d - 57 + 47 = 0. Determine r(d).
-12
Let i(t) = t**2 - 7*t + 7. Let p(h) = 2*h**2 - 13*h + 14. Let n(m) = 5*i(m) - 3*p(m). What is n(6)?
-19
Let p(m) be the second derivative of m**5/20 + m**4/12 + m**3/6 + 3*m**2 - 5*m - 3. Calculate p(0).
6
Let m(x) = 25*x - 16. Let y(n) = 3*n - 2. Let k be 308/(-6) + (-1)/(-3). Let w(o) = k*y(o) + 6*m(o). What is w(5)?
-9
Let v(i) = -i + 2. Suppose -3*r = -2*r + 4. Let h be (6/r)/((-6)/8). Determine v(h).
0
Let y(n) = 2*n - 1. Let t(k) = 6*k - 5. Let v(l) = -t(l) + 2*y(l). Determine v(2).
-1
Suppose 2*u + 4*n - 14 = 0, -5*u - 2*n - n = -28. Let q(y) = y. Let g be q(5). Let r(x) = -x**2 + x + 3*x + x - g. Calculate r(u).
-5
Let w(t) be the third derivative of 1/6*t**3 + 0 + 6*t**2 + 0*t + 1/4*t**4. What is w(-1)?
-5
Let n(q) be the third derivative of 11*q**5/60 + 4*q**2. Let c be (2/8 - 0)/(17/68). What is n(c)?
11
Let f(m) be the second derivative of 11*m**4/12 - m**2/2 - 9*m. Determine f(1).
10
Let u(z) = -2*z**3 - 5*z**2 - 7*z + 2. Let h(j) = j**3 + j**2 + 1. Let a(c) = -3*h(c) - u(c). Give a(4).
-9
Suppose 5*t - 16 = u, 0 = -2*u - 2*u + 16. Suppose -y + 0*y = t. Let j(n) be the second derivative of n**3/2 + 5*n**2/2 + 7*n. Give j(y).
-7
Suppose 4*c = 2*c + 10. Let w(n) be the third derivative of n**4/24 - 2*n**3/3 - 3*n**2 + 6*n. Give w(c).
1
Let b(y) = y**2 + 8*y - 3. Let i be b(-8). Let w(l) = 1 + 0*l + 0*l - 2*l. What is w(i)?
7
Let b be 0/(1 + -3 - 0). Let j(t) be the first derivative of t**4/4 + t**2/2 - 2*t + 8. What is j(b)?
-2
Let c(w) = -w + 1. Suppose 5*r = 4*r + 5. Let f(n) = -n + 5*n**2 - 2*n**2 + 3*n**2 - r*n**2 + 9. Let h(i) = -6*c(i) + f(i). What is h(-4)?
-1
Let v = -1 + 1. Let q(t) = t**3 - 13*t**2 - 15*t + 15. Let k be q(14). Let f(c) = v*c - c + 2*c + k. Give f(4).
5
Suppose -2*a + 2 = -2. Suppose -2*m + 16 = a*m. Suppose 2*d + 3 = y, m + 6 = -5*d. Let u(h) = 9*h + 1. Calculate u(y).
-8
Let z = -10 + 11. Let b(v) = -v + 1. Determine b(z).
0
Let n(t) = t**2 + 1. Let y(a) = -3*a**2 + 7*a**2 + 3*a + a**2 + 3. Let i(l) = -6*n(l) + y(l). Suppose 2*v + 3*r - 11 = -3*v, -32 = -5*v + 4*r. Calculate i(v).
-7
Let a(s) = -s + 3. Let r = 6 - 4. Let f be 2 - (1 - r)*1. Let p = 3 - f. Determine a(p).
3
Let f(t) be the first derivative of -t**4/4 - 2*t**3 - 3*t**2/2 + 5*t - 2. Determine f(-5).
-5
Let o be (-1)/(-4) + 33/12. Let x = -1 + o. Let s(a) = -4*a + 1. Calculate s(x).
-7
Let o(j) = -j - 16. Let d be o(-16). Let c = d + -5. Let z(x) be the second derivative of -x**3/6 - 5*x**2/2 + x. What is z(c)?
0
Suppose -d + 5*n = -0*d, -n - 24 = -5*d. Suppose 3*r + 2 = 3*t - 7, r + 9 = 4*t. Let f(v) = t + 2*v - 3*v + 0. What is f(d)?
-3
Let z(k) = -6*k - 1. Let u(r) = -5*r. Let c(m) = 3*u(m) - 2*z(m). Determine c(2).
-4
Let g(t) = 36*t**2 - 22*t + 22. Let a(i) = 5*i**2 - 3*i + 3. Let o(q) = -44*a(q) + 6*g(q). Let n be 1*2/(2/1). Determine o(n).
-4
Let l(j) be the second derivative of j**5/20 + j**4/12 - j**3/6 - 4*j**2 + 32*j. Calculate l(0).
-8
Let x(b) = -b**2 + 3*b + 2. Suppose -3*n - 3 = -3*s, -18 = -5*s - 3*n + 3. Give x(s).
2
Let q(h) = 11*h**2 - h + 1. Let t be 2/6 - 56/(-12). Let a = 6 - t. What is q(a)?
11
Let g(u) = u**3 - 7*u**2 - u - 3. Let l(q) = q**2 + 1. Let k(s) = g(s) + 5*l(s). Give k(2).
0
Let b(g) = 2 - g**3 - 3*g**2 + g**2 + 2 - 2. Let v(c) = c + 3. Let s be v(-5). Give b(s).
2
Let n(y) = -y**2 - 3*y + 2. Let p(r) = 2*r**2 + 6*r - 4. Let s(x) = -5*n(x) - 2*p(x). Determine s(3).
16
Let v be (-2)/(0 + (-4)/6). Let p = v - 5. Let o(h) = -h**3 + 4*h. Let r(b) = 3*b**3 - 9*b + 1. Let x(c) = 5*o(c) + 2*r(c). Give x(p).
-10
Suppose 3*w + 0 = 6. Suppose -11 = -2*q + 21. Suppose -6*d + w*d = -q. Let r(g) = g**2 - 3*g + 1. Give r(d).
5
Suppose 0 = g - 2*m - 4, -3*g = 2*m + 4. Let h(t) = -t**2 + t + 3. Calculate h(g).
3
Let n(d) be the second derivative of -d**5/20 - 7*d**4/12 + 4*d**3/3 - 5*d**2 - 6*d. Determine n(-8).
-10
Suppose 3*u - 21 = -2*h, -u = -4*h - h + 10. Let c(f) = -f**2 + 0 - 7 + 3 + f**h - 2*f**3. Give c(-3).
14
Let y(n) = 6*n**2 - n. Suppose -2 - 50 = 4*m - 4*u, -7 = m + u. Let b be m/8 - 12/(-48). Calculate y(b).
7
Suppose 3 = -6*h + 33. Suppose 0 = -h*n + 5*m, -3*m + 1 + 11 = n. Let a(v) = v**2 - 7*v + 2. Determine a(n).
-10
Let o = -1 + -3. Let t(s) be the third derivative of s**6/120 + s**5/15 + s**4/12 + 5*s**3/6 + 16*s**2. Give t(o).
-3
Let z(a) = -a**3 - 4. Suppose 0 = 10*h - 5*h. Calculate z(h).
-4
Let p(k) = -2*k**3 + k**2 + 2*k + 3. Let f(w) = -w - 12. Let x be f(-10). Calculate p(x).
19
Let q = 13 + -7. Let n(a) = -a**2 + q + 16*a - 15*a - 2. Give n(-3).
-8
Let a(r) = r**2 - 6*r + 2. Let p be 0/(-4) - 20/(-2). Suppose f = -f + p. Calculate a(f).
-3
Suppose a + 2*a + 25 = 5*s, 0 = -s + a + 5. Suppose 0 = r - 1, -s*r + 25 + 0 = 5*k. Let m(t) = 3*t - 5. What is m(k)?
7
Let o(y) be the second derivative of 2*y - 3/2*y**2 + 0 - y**3 + 1/12*y**4. Give o(6).
-3
Suppose -2*z = -3*k + 5, -5*z + 22 = 3*k + k. Suppose -4*s = 5*r - z - 3, -30 = 5*s - r. Let i(m) = 2*m - 1. Determine i(s).
-11
Suppose g + 2*i + 6 = 0, -g + 2*i + 9 = i. Suppose g*n - 10 = 10. Let o(j) = -j + 1. What is o(n)?
-4
Let w(c) = 3*c - 7*c + 1 + 7 + 6*c. Determine w(-6).
-4
Suppose a = -4*a + 65. Let c be a - -2*(-3)/2. Let r(p) = c - p - p + p. Calculate r(0).
10
Let o(p) be the third derivative of -p**6/120 + p**5/10 - p**4/4 - p**3/6 + 35*p**2. Let r be 10/(-8)*-4*1. Calculate o(r).
-6
Let q(d) = d - 3. Let g = 14 - 8. Let h be 10*((-21)/g - -3). Give q(h).
-8
Let r(q) = q**3 + 2*q**2 - q + 2. Let p(f) = -f**2 + f - f - 1. Let t be -2*(-3)/(-6) - 0. Let w be p(t). Give r(w).
4
Let r be 4/14 - (-110)/7. Suppose -r = 3*c - 4. Let t(n) = n + 4. What is t(c)?
0
Let j(l) = 3*l - 2. Let z be j(-1). Let k(m) = -m**3 - 5*m**2 + 3*m + 5. Determine k(z).
-10
Let q(r) be the first derivative of r**4/4 + r**3 + r**2 - 2. Suppose f - 3*f = 4. Give q(f).
0
Let o(z) be the second derivative of -2*z**3/3 + z**2 - 26*z. Calculate o(3).
-10
Let b(y) = -y**2 + 0*y - 4*y + 1 - y**2. Let c be b(-3). Let n(q) = 0 - 5*q - 3*q**2 - 2 + 2*q**2. What is n(c)?
-2
Let d(p) = p + 2. Suppose -4 = c + x, -4*c - 6 = -2*x + x. Let f(i) = 2*i**2 + 2*i - 2. Let y be f(c). Suppose 6 = -2*z - y. Determine d(z).
-2
Let l be (-1 + (6 - -1))/2. Let u(m) = -2*m**3 - 2*m + 5*m**3 - 2*m**l - 2*m**2 + 1. Give u(2).
-3
Let j be (2/(-4))/((-1)/8). Let k(h) = -13*h**2 + 15*h - 21. Let f(y) = 3*y**2 - 4*y + 5. Let x(q) = 9*f(q) + 2*k(q). Calculate x(j).
-5
Let o(f) be the first derivative of f**7/840 + f**6/72 - f**5/20 + 7*f**3/3 - 7. Let h(x) be the third derivative of o(x). Determine h(-6).
0
Let c(h) be the second derivative of -h**5/20 - 5*h**4/12 - h**3/3 - 7*h**2/2 - 2*h. Let o be 4/((-8)/5)*2. Determine c(o).
3
Let x(d) = -3*d - 3 + 2 + 4*d + 3*d**2 - d**2. Give x(1).
2
Let s(f) be the third derivative of f**4/8 + f**3/2 - f**2. Let b(u) be the second derivative of u**4/12 + 7*u**3/6 + 7*u**2/2 - 4*u. Let n be b(-5). Give s(n).
-6
Suppose -4*u + 7 - 35 = -5*y, 0 = 4*y - 16. Let b(x) be the first derivative of 3*x + 1 + 1/4*x**4 + 2*x**2 + x**3. What is b(u)?
-1
Let z(r) = -4*r**3 + 2*r**2 - 5*r + 4. Let i(w) = w + 2*w**3 + 2*w**2 - 3*w**2 - 2 + w. Let v(j) = 7*i(j) + 3*z(j). Give v(2).
8
Suppose -5*l + 0*l - 4*t + 60 = 